ds digit of 48326469?
2
What is the millions digit of 42562573?
2
What is the hundreds digit of 593136465?
4
What is the hundred millions digit of 1087262139?
0
What is the thousands digit of 420140295?
0
What is the hundred millions digit of 452277896?
4
What is the thousands digit of 131525946?
5
What is the hundred thousands digit of 524220355?
2
What is the hundreds digit of 210539319?
3
What is the millions digit of 185378148?
5
What is the millions digit of 1293125801?
3
What is the ten thousands digit of 40158868?
5
What is the ten thousands digit of 1370523772?
2
What is the ten thousands digit of 1736302140?
0
What is the hundreds digit of 48687661?
6
What is the ten thousands digit of 1262349947?
4
What is the ten thousands digit of 35054034?
5
What is the millions digit of 4536480387?
6
What is the hundred thousands digit of 177320885?
3
What is the ten thousands digit of 361355781?
5
What is the ten thousands digit of 286868696?
6
What is the millions digit of 878723528?
8
What is the thousands digit of 421925253?
5
What is the hundreds digit of 189058024?
0
What is the tens digit of 718345572?
7
What is the ten millions digit of 2050799392?
5
What is the units digit of 11745129?
9
What is the hundred millions digit of 1586550187?
5
What is the millions digit of 63396204?
3
What is the ten thousands digit of 80251609?
5
What is the millions digit of 4035933317?
5
What is the hundred thousands digit of 978487596?
4
What is the hundreds digit of 518644101?
1
What is the hundred millions digit of 388466508?
3
What is the ten millions digit of 405631244?
0
What is the ten millions digit of 70728436?
7
What is the hundred thousands digit of 1568717615?
7
What is the millions digit of 40353448?
0
What is the hundreds digit of 716087623?
6
What is the hundred thousands digit of 168658745?
6
What is the units digit of 31130576?
6
What is the units digit of 1932017290?
0
What is the tens digit of 3419609492?
9
What is the ten millions digit of 6845434355?
4
What is the millions digit of 215462280?
5
What is the ten millions digit of 148568793?
4
What is the ten thousands digit of 95489366?
8
What is the tens digit of 17758482?
8
What is the ten millions digit of 44959647?
4
What is the thousands digit of 2269074380?
4
What is the units digit of 224455046?
6
What is the hundred thousands digit of 3220818917?
8
What is the thousands digit of 24319919?
9
What is the hundred thousands digit of 598189203?
1
What is the thousands digit of 1992878344?
8
What is the ten thousands digit of 630742979?
4
What is the tens digit of 253429930?
3
What is the tens digit of 832365669?
6
What is the hundred thousands digit of 310112150?
1
What is the ten thousands digit of 496659234?
5
What is the thousands digit of 81391497?
1
What is the hundreds digit of 4020157?
1
What is the thousands digit of 1946758979?
8
What is the ten millions digit of 71598236?
7
What is the units digit of 83340265?
5
What is the ten thousands digit of 1993713?
9
What is the hundred millions digit of 247296613?
2
What is the units digit of 991666959?
9
What is the thousands digit of 56932176?
2
What is the thousands digit of 85264418?
4
What is the hundreds digit of 1149962868?
8
What is the tens digit of 58127795?
9
What is the units digit of 219425881?
1
What is the hundred millions digit of 123559263?
1
What is the ten thousands digit of 64526844?
2
What is the hundreds digit of 3303748918?
9
What is the hundred thousands digit of 327912859?
9
What is the tens digit of 2617486730?
3
What is the tens digit of 1133071576?
7
What is the thousands digit of 173941849?
1
What is the hundred millions digit of 1167128430?
1
What is the thousands digit of 285381517?
1
What is the hundred thousands digit of 187641639?
6
What is the tens digit of 819587384?
8
What is the millions digit of 402708251?
2
What is the thousands digit of 295326604?
6
What is the units digit of 378406981?
1
What is the ten millions digit of 195464599?
9
What is the ten millions digit of 166249968?
6
What is the thousands digit of 196552202?
2
What is the hundreds digit of 347659115?
1
What is the units digit of 57731709?
9
What is the ten millions digit of 966997060?
6
What is the ten millions digit of 1026732475?
2
What is the thousands digit of 105655969?
5
What is the thousands digit of 97566479?
6
What is the millions digit of 2410007670?
0
What is the ten thousands digit of 6878390614?
9
What is the units digit of 1215915648?
8
What is the ten thousands digit of 54041915?
4
What is the millions digit of 22808645?
2
What is the hundreds digit of 355443893?
8
What is the units digit of 25754404?
4
What is the thousands digit of 101373709?
3
What is the ten millions digit of 1402197731?
0
What is the ten millions digit of 69813569?
6
What is the tens digit of 1389964166?
6
What is the hundred thousands digit of 276628154?
6
What is the hundred thousands digit of 5382722234?
7
What is the thousands digit of 391017?
1
What is the units digit of 1526304073?
3
What is the units digit of 46433968?
8
What is the millions digit of 55816142?
5
What is the ten millions digit of 37803794?
3
What is the hundred millions digit of 629994612?
6
What is the hundreds digit of 83339146?
1
What is the tens digit of 39163615?
1
What is the thousands digit of 3284515237?
5
What is the tens digit of 451458080?
8
What is the millions digit of 31144725?
1
What is the ten millions digit of 8832350850?
3
What is the tens digit of 764036409?
0
What is the billions digit of 1895841707?
1
What is the tens digit of 172580405?
0
What is the hundred thousands digit of 10067839?
0
What is the hundreds digit of 3582723271?
2
What is the hundred thousands digit of 264225573?
2
What is the ten millions digit of 59436368?
5
What is the hundred thousands digit of 187336935?
3
What is the hundred millions digit of 742635182?
7
What is the millions digit of 670514632?
0
What is the units digit of 483375317?
7
What is the thousands digit of 842589019?
9
What is the ten thousands digit of 424041429?
4
What is the millions digit of 411990774?
1
What is the millions digit of 1327106283?
7
What is the thousands digit of 121795244?
5
What is the ten thousands digit of 1015295391?
9
What is the thousands digit of 222381773?
1
What is the millions digit of 3222781634?
2
What is the ten millions digit of 288605729?
8
What is the units digit of 97771667?
7
What is the ten millions digit of 47762859?
4
What is the tens digit of 850440290?
9
What is the millions digit of 54605468?
4
What is the ten thousands digit of 2122964481?
6
What is the hundreds digit of 195649148?
1
What is the thousands digit of 5277174949?
4
What is the ten millions digit of 66738841?
6
What is the tens digit of 117377108?
0
What is the ten thousands digit of 55819577?
1
What is the ten thousands digit of 111118613?
1
What is the units digit of 25071664?
4
What is the thousands digit of 1278450102?
0
What is the hundreds digit of 323696555?
5
What is the units digit of 50222570?
0
What is the tens digit of 56512201?
0
What is the tens digit of 385240816?
1
What is the ten thousands digit of 1726005257?
0
What is the hundred millions digit of 1202838119?
2
What is the ten millions digit of 44563454?
4
What is the millions digit of 1430138148?
0
What is the tens digit of 3033840934?
3
What is the millions digit of 5802798760?
2
What is the hundreds digit of 4311062919?
9
What is the hundred thousands digit of 34767072?
7
What is the tens digit of 43360139?
3
What is the ten thousands digit of 778856725?
5
What is the millions digit of 18842151?
8
What is the tens digit of 2037412969?
6
What is the units digit of 1124944854?
4
What is the hundred thousands digit of 29506512?
5
What is the units digit of 5408431580?
0
What is the hundreds digit of 650125215?
2
What is the tens digit of 583501592?
9
What is the hundred thousands digit of 6377825267?
8
What is the tens digit of 23947657?
5
What is the hundred millions digit of 5320872023?
3
What is the tens digit of 158330795?
9
What is the tens digit of 592095319?
1
What is the millions digit of 55878246?
5
What is the hundred thousands digit of 16285548?
2
What is the thousands digit of 150649411?
9
What is the millions digit of 1264